[INFO] cloning repository https://github.com/truelossless/crocolang
[INFO] running `Command { std: "git" "-c" "credential.helper=" "-c" "credential.helper=/workspace/cargo-home/bin/git-credential-null" "clone" "--bare" "https://github.com/truelossless/crocolang" "/workspace/cache/git-repos/https%3A%2F%2Fgithub.com%2Ftruelossless%2Fcrocolang", kill_on_drop: false }`
[INFO] [stderr] Cloning into bare repository '/workspace/cache/git-repos/https%3A%2F%2Fgithub.com%2Ftruelossless%2Fcrocolang'...
[INFO] running `Command { std: "git" "rev-parse" "HEAD", kill_on_drop: false }`
[INFO] [stdout] f0d01aa25b11ef4f598b0c7d2f29a3c7c329e62e
[INFO] checking truelossless/crocolang against try#72f88fc4e9458f89516a0b8b0868f3718aec5b47 for pr-74989
[INFO] running `Command { std: "git" "clone" "/workspace/cache/git-repos/https%3A%2F%2Fgithub.com%2Ftruelossless%2Fcrocolang" "/workspace/builds/worker-2/source", kill_on_drop: false }`
[INFO] [stderr] Cloning into '/workspace/builds/worker-2/source'...
[INFO] [stderr] done.
[INFO] validating manifest of git repo https://github.com/truelossless/crocolang on toolchain 72f88fc4e9458f89516a0b8b0868f3718aec5b47
[INFO] running `Command { std: "/workspace/cargo-home/bin/cargo" "+72f88fc4e9458f89516a0b8b0868f3718aec5b47" "read-manifest" "--manifest-path" "Cargo.toml", kill_on_drop: false }`
[INFO] started tweaking git repo https://github.com/truelossless/crocolang
[INFO] finished tweaking git repo https://github.com/truelossless/crocolang
[INFO] tweaked toml for git repo https://github.com/truelossless/crocolang written to /workspace/builds/worker-2/source/Cargo.toml
[INFO] crate git repo https://github.com/truelossless/crocolang already has a lockfile, it will not be regenerated
[INFO] running `Command { std: "/workspace/cargo-home/bin/cargo" "+72f88fc4e9458f89516a0b8b0868f3718aec5b47" "fetch" "--locked" "--manifest-path" "Cargo.toml", kill_on_drop: false }`
[INFO] [stderr]  Downloading crates ...
[INFO] [stderr]   Downloaded chunked_transfer v1.2.0
[INFO] [stderr]   Downloaded dyn-clonable-impl v0.9.0
[INFO] [stderr]   Downloaded dyn-clonable v0.9.0
[INFO] [stderr]   Downloaded dyn-clone v1.0.2
[INFO] [stderr]   Downloaded ureq v1.4.0
[INFO] [stderr]   Downloaded gumdrop_derive v0.8.0
[INFO] [stderr]   Downloaded llvm-sys v100.2.0
[INFO] [stderr]   Downloaded qstring v0.7.2
[INFO] [stderr]   Downloaded gumdrop v0.8.0
[INFO] running `Command { std: "docker" "create" "-v" "/var/lib/crater-agent-workspace/builds/worker-2/target:/opt/rustwide/target:rw,Z" "-v" "/var/lib/crater-agent-workspace/builds/worker-2/source:/opt/rustwide/workdir:ro,Z" "-v" "/var/lib/crater-agent-workspace/cargo-home:/opt/rustwide/cargo-home:ro,Z" "-v" "/var/lib/crater-agent-workspace/rustup-home:/opt/rustwide/rustup-home:ro,Z" "-e" "SOURCE_DIR=/opt/rustwide/workdir" "-e" "CARGO_TARGET_DIR=/opt/rustwide/target" "-e" "CARGO_HOME=/opt/rustwide/cargo-home" "-e" "RUSTUP_HOME=/opt/rustwide/rustup-home" "-w" "/opt/rustwide/workdir" "-m" "1610612736" "--user" "0:0" "--network" "none" "rustops/crates-build-env@sha256:d92eaeed33fa75130ca1ee6c8a01d1ffb62bac859dfdfb3450e3e5d1c0146529" "/opt/rustwide/cargo-home/bin/cargo" "+72f88fc4e9458f89516a0b8b0868f3718aec5b47" "metadata" "--no-deps" "--format-version=1", kill_on_drop: false }`
[INFO] [stdout] 9e36071695cbe8907f51f31565985df70b6d196a8a009584fb80e63149de2212
[INFO] [stderr] WARNING: Your kernel does not support swap limit capabilities or the cgroup is not mounted. Memory limited without swap.
[INFO] running `Command { std: "docker" "start" "-a" "9e36071695cbe8907f51f31565985df70b6d196a8a009584fb80e63149de2212", kill_on_drop: false }`
[INFO] running `Command { std: "docker" "inspect" "9e36071695cbe8907f51f31565985df70b6d196a8a009584fb80e63149de2212", kill_on_drop: false }`
[INFO] running `Command { std: "docker" "rm" "-f" "9e36071695cbe8907f51f31565985df70b6d196a8a009584fb80e63149de2212", kill_on_drop: false }`
[INFO] [stdout] 9e36071695cbe8907f51f31565985df70b6d196a8a009584fb80e63149de2212
[INFO] running `Command { std: "docker" "create" "-v" "/var/lib/crater-agent-workspace/builds/worker-2/target:/opt/rustwide/target:rw,Z" "-v" "/var/lib/crater-agent-workspace/builds/worker-2/source:/opt/rustwide/workdir:ro,Z" "-v" "/var/lib/crater-agent-workspace/cargo-home:/opt/rustwide/cargo-home:ro,Z" "-v" "/var/lib/crater-agent-workspace/rustup-home:/opt/rustwide/rustup-home:ro,Z" "-e" "SOURCE_DIR=/opt/rustwide/workdir" "-e" "CARGO_TARGET_DIR=/opt/rustwide/target" "-e" "CARGO_INCREMENTAL=0" "-e" "RUST_BACKTRACE=full" "-e" "RUSTFLAGS=--cap-lints=forbid" "-e" "CARGO_HOME=/opt/rustwide/cargo-home" "-e" "RUSTUP_HOME=/opt/rustwide/rustup-home" "-w" "/opt/rustwide/workdir" "-m" "1610612736" "--user" "0:0" "--network" "none" "rustops/crates-build-env@sha256:d92eaeed33fa75130ca1ee6c8a01d1ffb62bac859dfdfb3450e3e5d1c0146529" "/opt/rustwide/cargo-home/bin/cargo" "+72f88fc4e9458f89516a0b8b0868f3718aec5b47" "check" "--frozen" "--all" "--all-targets" "--message-format=json", kill_on_drop: false }`
[INFO] [stderr] WARNING: Your kernel does not support swap limit capabilities or the cgroup is not mounted. Memory limited without swap.
[INFO] [stdout] 7dd973bdefb056ef758dba3e6bb647083b8f1499d4971997834034d37594347c
[INFO] running `Command { std: "docker" "start" "-a" "7dd973bdefb056ef758dba3e6bb647083b8f1499d4971997834034d37594347c", kill_on_drop: false }`
[INFO] [stderr]    Compiling memchr v2.3.3
[INFO] [stderr]    Compiling proc-macro2 v1.0.19
[INFO] [stderr]    Compiling unicode-xid v0.2.1
[INFO] [stderr]    Compiling autocfg v1.0.0
[INFO] [stderr]    Compiling syn v1.0.38
[INFO] [stderr]    Compiling lazy_static v1.4.0
[INFO] [stderr]     Checking cfg-if v0.1.10
[INFO] [stderr]    Compiling regex-syntax v0.6.18
[INFO] [stderr]    Compiling semver-parser v0.7.0
[INFO] [stderr]    Compiling bitflags v1.2.1
[INFO] [stderr]    Compiling log v0.4.11
[INFO] [stderr]     Checking tinyvec v0.3.4
[INFO] [stderr]     Checking foreign-types-shared v0.1.1
[INFO] [stderr]     Checking percent-encoding v2.1.0
[INFO] [stderr]     Checking smallvec v1.4.2
[INFO] [stderr]    Compiling inkwell v0.1.0 (https://github.com/TheDan64/inkwell?branch=master#67981a09)
[INFO] [stderr]     Checking openssl-probe v0.1.2
[INFO] [stderr]     Checking chunked_transfer v1.2.0
[INFO] [stderr]     Checking dyn-clone v1.0.2
[INFO] [stderr]     Checking either v1.6.0
[INFO] [stderr]    Compiling croco_lang v0.5.1 (/opt/rustwide/workdir)
[INFO] [stderr]     Checking lock_api v0.4.1
[INFO] [stderr]     Checking foreign-types v0.3.2
[INFO] [stderr]    Compiling thread_local v1.0.1
[INFO] [stderr]     Checking qstring v0.7.2
[INFO] [stderr]    Compiling semver v0.9.0
[INFO] [stderr]     Checking parking_lot_core v0.8.0
[INFO] [stderr]     Checking unicode-normalization v0.1.13
[INFO] [stderr]    Compiling openssl-sys v0.9.58
[INFO] [stderr] The following warnings were emitted during compilation:
[INFO] [stderr] 
[INFO] [stderr] warning: src/microsoft_craziness.c:47:5: error: unknown type name 'wchar_t'
[INFO] [stderr] warning:    47 |     wchar_t *windows_sdk_root;
[INFO] [stderr] warning:       |     ^~~~~~~
[INFO] [stderr] warning: src/microsoft_craziness.c:48:5: error: unknown type name 'wchar_t'
[INFO] [stderr] warning:    48 |     wchar_t *windows_sdk_um_library_path;
[INFO] [stderr] warning:       |     ^~~~~~~
[INFO] [stderr] warning: src/microsoft_craziness.c:49:5: error: unknown type name 'wchar_t'
[INFO] [stderr] warning:    49 |     wchar_t *windows_sdk_ucrt_library_path;
[INFO] [stderr] warning:       |     ^~~~~~~
[INFO] [stderr] warning: src/microsoft_craziness.c:51:5: error: unknown type name 'wchar_t'
[INFO] [stderr] warning:    51 |     wchar_t *vs_exe_path;
[INFO] [stderr] warning:       |     ^~~~~~~
[INFO] [stderr] warning: src/microsoft_craziness.c:52:5: error: unknown type name 'wchar_t'
[INFO] [stderr] warning:    52 |     wchar_t *vs_library_path;
[INFO] [stderr] warning:       |     ^~~~~~~
[INFO] [stderr] warning: src/microsoft_craziness.c:142:10: fatal error: windows.h: No such file or directory
[INFO] [stderr] warning:   142 | #include <windows.h>
[INFO] [stderr] warning:       |          ^~~~~~~~~~~
[INFO] [stderr] warning: compilation terminated.
[INFO] [stderr] 
[INFO] [stderr] error: failed to run custom build command for `croco_lang v0.5.1 (/opt/rustwide/workdir)`
[INFO] [stderr] 
[INFO] [stderr] Caused by:
[INFO] [stderr]   process didn't exit successfully: `/opt/rustwide/target/debug/build/croco_lang-ca676e4847d6484f/build-script-build` (exit code: 1)
[INFO] [stderr]   --- stdout
[INFO] [stderr]   TARGET = Some("x86_64-unknown-linux-gnu")
[INFO] [stderr]   OPT_LEVEL = Some("0")
[INFO] [stderr]   HOST = Some("x86_64-unknown-linux-gnu")
[INFO] [stderr]   CC_x86_64-unknown-linux-gnu = None
[INFO] [stderr]   CC_x86_64_unknown_linux_gnu = None
[INFO] [stderr]   HOST_CC = None
[INFO] [stderr]   CC = None
[INFO] [stderr]   CFLAGS_x86_64-unknown-linux-gnu = None
[INFO] [stderr]   CFLAGS_x86_64_unknown_linux_gnu = None
[INFO] [stderr]   HOST_CFLAGS = None
[INFO] [stderr]   CFLAGS = None
[INFO] [stderr]   CRATE_CC_NO_DEFAULTS = None
[INFO] [stderr]   DEBUG = Some("true")
[INFO] [stderr]   CARGO_CFG_TARGET_FEATURE = Some("fxsr,mmx,sse,sse2")
[INFO] [stderr]   running: "cc" "-O0" "-ffunction-sections" "-fdata-sections" "-fPIC" "-g" "-fno-omit-frame-pointer" "-m64" "-Wall" "-Wextra" "-DMICROSOFT_CRAZINESS_IMPLEMENTATION" "-o" "/opt/rustwide/target/debug/build/croco_lang-3fabc1c062648d9c/out/src/microsoft_craziness.o" "-c" "src/microsoft_craziness.c"
[INFO] [stderr]   cargo:warning=src/microsoft_craziness.c:47:5: error: unknown type name 'wchar_t'
[INFO] [stderr]   cargo:warning=   47 |     wchar_t *windows_sdk_root;
[INFO] [stderr]   cargo:warning=      |     ^~~~~~~
[INFO] [stderr]   cargo:warning=src/microsoft_craziness.c:48:5: error: unknown type name 'wchar_t'
[INFO] [stderr]   cargo:warning=   48 |     wchar_t *windows_sdk_um_library_path;
[INFO] [stderr]   cargo:warning=      |     ^~~~~~~
[INFO] [stderr]   cargo:warning=src/microsoft_craziness.c:49:5: error: unknown type name 'wchar_t'
[INFO] [stderr]   cargo:warning=   49 |     wchar_t *windows_sdk_ucrt_library_path;
[INFO] [stderr]   cargo:warning=      |     ^~~~~~~
[INFO] [stderr]   cargo:warning=src/microsoft_craziness.c:51:5: error: unknown type name 'wchar_t'
[INFO] [stderr]   cargo:warning=   51 |     wchar_t *vs_exe_path;
[INFO] [stderr]   cargo:warning=      |     ^~~~~~~
[INFO] [stderr]   cargo:warning=src/microsoft_craziness.c:52:5: error: unknown type name 'wchar_t'
[INFO] [stderr]   cargo:warning=   52 |     wchar_t *vs_library_path;
[INFO] [stderr]   cargo:warning=      |     ^~~~~~~
[INFO] [stderr]   cargo:warning=src/microsoft_craziness.c:142:10: fatal error: windows.h: No such file or directory
[INFO] [stderr]   cargo:warning=  142 | #include <windows.h>
[INFO] [stderr]   cargo:warning=      |          ^~~~~~~~~~~
[INFO] [stderr]   cargo:warning=compilation terminated.
[INFO] [stderr]   exit code: 1
[INFO] [stderr] 
[INFO] [stderr]   --- stderr
[INFO] [stderr] 
[INFO] [stderr] 
[INFO] [stderr]   error occurred: Command "cc" "-O0" "-ffunction-sections" "-fdata-sections" "-fPIC" "-g" "-fno-omit-frame-pointer" "-m64" "-Wall" "-Wextra" "-DMICROSOFT_CRAZINESS_IMPLEMENTATION" "-o" "/opt/rustwide/target/debug/build/croco_lang-3fabc1c062648d9c/out/src/microsoft_craziness.o" "-c" "src/microsoft_craziness.c" with args "cc" did not execute successfully (status code exit code: 1).
[INFO] [stderr] 
[INFO] [stderr] 
[INFO] [stderr] warning: build failed, waiting for other jobs to finish...
[INFO] [stderr] error: build failed
[INFO] running `Command { std: "docker" "inspect" "7dd973bdefb056ef758dba3e6bb647083b8f1499d4971997834034d37594347c", kill_on_drop: false }`
[INFO] running `Command { std: "docker" "rm" "-f" "7dd973bdefb056ef758dba3e6bb647083b8f1499d4971997834034d37594347c", kill_on_drop: false }`
[INFO] [stdout] 7dd973bdefb056ef758dba3e6bb647083b8f1499d4971997834034d37594347c
